{"id":655,"date":"2021-02-06T21:58:08","date_gmt":"2021-02-06T20:58:08","guid":{"rendered":"https:\/\/eglise.lamottesaintmartin.fr\/?page_id=655"},"modified":"2021-10-26T20:09:22","modified_gmt":"2021-10-26T19:09:22","slug":"contacter-lassociation","status":"publish","type":"page","link":"https:\/\/eglise.lamottesaintmartin.fr\/?page_id=655","title":{"rendered":"Contacter l&rsquo;association"},"content":{"rendered":"\n<p>Si vous \u00eates int\u00e9ress\u00e9s ou que vous souhaitez des renseignements, vous pouvez nous contacter soit :<\/p>\n<h4>par voie postale \u00e0 l\u2019adresse suivante :<\/h4>\n<p>Association de Sauvegarde de l\u2019\u00e9glise de La Motte-Saint-Martin &#8211; 1, Espace Jean MAGNAT &#8211; La Moli\u00e8re &#8211; 38 770 La Motte-Saint-Martin.<\/p>\n<h4>par email :<\/h4>\n<p><a href=\"mailto:marieclairemenudier0000@gmail.com\" target=\"_blank\" rel=\"noopener\">Association Sauvegarde de l&rsquo;Eglise La Motte-Saint-Martin<\/a><\/p>\n<h4>en remplissant le formulaire ci-dessous :<\/h4>\n<div id=\"vfb-form-1\" class=\"visual-form-builder-container\"><form id=\"contact-association-1\" class=\"visual-form-builder vfb-form-1 \" method=\"post\" enctype=\"multipart\/form-data\">\n\t  \t<input type=\"hidden\" name=\"form_id\" value=\"1\" \/><fieldset class=\"vfb-fieldset vfb-fieldset-1 contact-association \" id=\"item-vfb-1\"><div class=\"vfb-legend\"><h3>Contact association<\/h3><\/div><ul class=\"vfb-section vfb-section-1\"><li class=\"vfb-item vfb-item-text  \" id=\"item-vfb-5\"><label for=\"vfb-5\" class=\"vfb-desc\">Vos nom et pr\u00e9nom  <span class=\"vfb-required-asterisk\">*<\/span><\/label><input type=\"text\" name=\"vfb-5\" id=\"vfb-5\" value=\"\" class=\"vfb-text  vfb-large  required  \" \/><\/li><li class=\"vfb-item vfb-item-email  \" id=\"item-vfb-6\"><label for=\"vfb-6\" class=\"vfb-desc\">Votre adresse e-mail  <span class=\"vfb-required-asterisk\">*<\/span><\/label><input type=\"email\" name=\"vfb-6\" id=\"vfb-6\" value=\"\" class=\"vfb-text  vfb-medium  required  email \" \/><\/li><li class=\"vfb-item vfb-item-textarea  \" id=\"item-vfb-7\"><label for=\"vfb-7\" class=\"vfb-desc\">Votre message  <span class=\"vfb-required-asterisk\">*<\/span><\/label><div><textarea name=\"vfb-7\" id=\"vfb-7\" class=\"vfb-textarea  vfb-medium  required \"><\/textarea><\/div><\/li><\/ul>&nbsp;<\/fieldset><fieldset class=\"vfb-fieldset vfb-fieldset-2 verification \" id=\"item-vfb-2\" style=\"display:block\"><div class=\"vfb-legend\"><h3>Verification<\/h3><\/div><ul class=\"vfb-section vfb-section-2\"><li class=\"vfb-item vfb-item-secret\"  style=\"display:block\"><label for=\"vfb-3\" class=\"vfb-desc\">Merci d&#039;entrer 2 chiffres <span class=\"vfb-required-asterisk\">*<\/span><\/label><input type=\"hidden\" name=\"_vfb-secret\" value=\"vfb-3\" \/><span class=\"vfb-span\"><input type=\"text\" name=\"vfb-3\" id=\"vfb-3\" value=\"\" class=\"vfb-text  vfb-medium  required {digits:true,maxlength:2,minlength:2} \" style=\"display:block\" \/><label>Exemple: 12<\/label><\/span><li style=\"display:none;\"><label>This box is for spam protection - &lt;strong&gt;please leave it blank&lt;\/strong&gt;:<\/label><div><input name=\"vfb-spam\" \/><\/div><\/li>\n\t\t\t<li class=\"vfb-item vfb-item-submit\" id=\"item-vfb-4\">\n\t\t\t\t<input type=\"submit\" name=\"vfb-submit\" id=\"vfb-4\" value=\"Envoyer\" class=\"vfb-submit \" \/>\n\t\t\t\t<\/li><\/ul>\n\t\t\t<\/fieldset><input type=\"hidden\" name=\"_wp_http_referer\" value=\"\/index.php?rest_route=%2Fwp%2Fv2%2Fpages%2F655\" \/><\/form><\/div> <!-- .visual-form-builder-container -->\n","protected":false},"excerpt":{"rendered":"<p>Si vous \u00eates int\u00e9ress\u00e9s ou que vous souhaitez des renseignements, vous pouvez nous contacter soit : par voie postale \u00e0 l\u2019adresse suivante : Association de Sauvegarde de l\u2019\u00e9glise de La Motte-Saint-Martin &#8211; 1, Espace Jean MAGNAT &#8211; La Moli\u00e8re &#8211;&hellip; <\/p>\n","protected":false},"author":4,"featured_media":0,"parent":0,"menu_order":0,"comment_status":"closed","ping_status":"closed","template":"","meta":{"footnotes":""},"class_list":["post-655","page","type-page","status-publish","hentry"],"_links":{"self":[{"href":"https:\/\/eglise.lamottesaintmartin.fr\/index.php?rest_route=\/wp\/v2\/pages\/655","targetHints":{"allow":["GET"]}}],"collection":[{"href":"https:\/\/eglise.lamottesaintmartin.fr\/index.php?rest_route=\/wp\/v2\/pages"}],"about":[{"href":"https:\/\/eglise.lamottesaintmartin.fr\/index.php?rest_route=\/wp\/v2\/types\/page"}],"author":[{"embeddable":true,"href":"https:\/\/eglise.lamottesaintmartin.fr\/index.php?rest_route=\/wp\/v2\/users\/4"}],"replies":[{"embeddable":true,"href":"https:\/\/eglise.lamottesaintmartin.fr\/index.php?rest_route=%2Fwp%2Fv2%2Fcomments&post=655"}],"version-history":[{"count":6,"href":"https:\/\/eglise.lamottesaintmartin.fr\/index.php?rest_route=\/wp\/v2\/pages\/655\/revisions"}],"predecessor-version":[{"id":746,"href":"https:\/\/eglise.lamottesaintmartin.fr\/index.php?rest_route=\/wp\/v2\/pages\/655\/revisions\/746"}],"wp:attachment":[{"href":"https:\/\/eglise.lamottesaintmartin.fr\/index.php?rest_route=%2Fwp%2Fv2%2Fmedia&parent=655"}],"curies":[{"name":"wp","href":"https:\/\/api.w.org\/{rel}","templated":true}]}}